etermine p(5).
20
Let n(f) = -f**2 - 2209*f - 13248. Calculate n(-6).
-30
Let x(g) = g**3 + 23*g**2 + 20*g - 52. What is x(-22)?
-8
Let i(z) = -2*z**3 + 6*z**2 - 47*z - 31. Determine i(4).
-251
Let l(t) = 35*t - 777. Give l(20).
-77
Let c(i) = 11*i**3 - 24*i**2 - 83*i + 1. Calculate c(-3).
-263
Let l(v) = 2*v**2 + 44*v + 196. Determine l(-19).
82
Let w(o) = 50*o + 846. Determine w(-20).
-154
Let g(v) = 520*v + 867. What is g(-2)?
-173
Let o(u) = u**3 + 26*u**2 + 146*u + 36. Determine o(-18).
0
Let b(q) = -q**2 - 27*q + 14. Determine b(-32).
-146
Let h(r) = -r**3 + 14*r**2 + 20*r - 285. Calculate h(14).
-5
Let w(v) = -v**3 + 8*v**2 + 5*v - 26. What is w(5)?
74
Let l(j) = 4*j - 181. Give l(-11).
-225
Let v(z) = -51*z - 258. Determine v(-5).
-3
Let l(w) = -w**2 - 28*w + 18. Calculate l(-29).
-11
Let t(j) = -7*j**3 + 104*j**2 + 16*j - 12. Give t(15).
3
Let r(q) = 11*q**2 + 138*q + 31. What is r(-13)?
96
Let i(u) = -16*u**2 + 106*u + 8. Give i(6).
68
Let m(v) = v**2 + 15*v + 89. Determine m(-7).
33
Let f(s) = -12*s**2 + 8*s + 7. Determine f(-1).
-13
Let g(r) = -3404*r + 17023. Determine g(5).
3
Let d(w) = w**3 - 26*w**2 + 47*w + 19. Give d(24).
-5
Let p(u) = 445*u + 2752. What is p(-6)?
82
Let h(w) = -258*w - 1556. Give h(-6).
-8
Let g(d) = 8*d + 1688. Determine g(-211).
0
Let k(z) = 3*z**3 + z**2 - 43*z + 198. Give k(4).
234
Let l(x) = -x**3 - x**2 - 33*x - 111. Calculate l(-3).
6
Let b(x) = -11*x - 33. Calculate b(-4).
11
Let v(a) = -10*a**3 + 73*a**2 - 19*a - 2. Give v(7).
12
Let i(f) = -1162*f - 195217. Determine i(-168).
-1
Let d(z) = -3*z - 343. Give d(-74).
-121
Let l(g) = 2*g**3 - 74*g**2 + 4*g - 147. Determine l(37).
1
Let b(u) = 2*u**3 + 12*u**2 + 185*u + 1108. Calculate b(-6).
-2
Let q(w) = -6*w**2 + 118*w - 583. Give q(10).
-3
Let s(j) = -132*j + 777. Calculate s(6).
-15
Let q(y) = y**3 + 10*y**2 - 15*y + 7. What is q(-11)?
51
Let d(k) = k**3 - 35*k**2 - 2*k + 44. Give d(35).
-26
Let y(g) = g**3 + 47*g**2 + 555*g + 107. Give y(-25).
-18
Let s(j) = -j**2 + 37*j - 29. Give s(36).
7
Let z(g) = -2*g**3 + 22*g**2 + 35*g - 136. What is z(12)?
-4
Let i(z) = 502*z - 4547. Give i(9).
-29
Let p(y) = -y**3 - 40*y**2 - 38*y + 21. What is p(-39)?
-18
Let n(p) = 1164*p - 25596. What is n(22)?
12
Let j(i) = -43*i - 396. What is j(-12)?
120
Let o(u) = u**2 - 38*u - 58. What is o(40)?
22
Let m(r) = -2*r**2 + 48*r + 56. Give m(25).
6
Let f(d) = -d**3 - 8*d**2 + 19*d - 146. Determine f(-11).
8
Let p(k) = -k**3 + 5*k**2 - 1. What is p(-2)?
27
Let v(p) = -162*p - 774. What is v(-4)?
-126
Let v(t) = -75*t - 433. What is v(-7)?
92
Let f(x) = 56*x + 894. Determine f(-16).
-2
Let p(c) = -c**3 + 12*c**2 + 87*c + 125. Calculate p(-3).
-1
Let o(g) = -2*g**2 - 62*g - 111. What is o(-25)?
189
Let n(g) = 236*g + 49575. Determine n(-210).
15
Let h(a) = -a**2 + 12*a - 153. What is h(15)?
-198
Let t(j) = -7*j**3 - 38*j**2 - 6*j + 4. What is t(-7)?
585
Let w(r) = 2*r**2 + 25*r + 67. Determine w(-9).
4
Let q(b) = -b**2 + 68*b - 273. What is q(4)?
-17
Let j(q) = 12*q**2 - 63*q - 281. Calculate j(-5).
334
Let z(n) = -3*n**2 - 423*n + 829. What is z(-143)?
-29
Let t(u) = -5*u**2 - 203*u - 169. Calculate t(-40).
-49
Let y(d) = -686*d + 4781. Determine y(7).
-21
Let h(d) = -d**3 + 83*d**2 + 535*d - 50. What is h(89)?
39
Let f(j) = 2*j**2 + 1554*j - 7825. Determine f(5).
-5
Let x(j) = -j**2 - 57*j - 628. Give x(-16).
28
Let n(g) = 5128*g - 92299. Calculate n(18).
5
Let c(q) = -q**2 + 129*q - 494. Calculate c(126).
-116
Let z(s) = 232*s + 355. Calculate z(-2).
-109
Let v(s) = -15*s**2 + 3*s + 2. What is v(-1)?
-16
Let v(p) = 2*p**3 + p**2 + 108*p + 421. Calculate v(-4).
-123
Let o(g) = 2*g**2 - 3*g - 237. What is o(-10)?
-7
Let u(n) = n**3 - 12*n**2 - 13*n - 28. What is u(13)?
-28
Let c(q) = -3*q**3 + 11*q**2 + 10*q - 21. Calculate c(5).
-71
Let u(v) = v**3 - 58*v**2 - 194*v - 40. Calculate u(-3).
-7
Let p(y) = -y**3 - 20*y**2 - 467*y - 4473. Give p(-12).
-21
Let t(m) = -54*m**2 - 707*m - 65. Calculate t(-13).
0
Let z(w) = -293*w - 2067. Give z(-7).
-16
Let h(v) = -3*v**3 + 39*v**2 - 76*v + 113. Calculate h(11).
3
Let s(q) = 159*q - 2404. What is s(15)?
-19
Let p(b) = 12*b**3 - 74*b**2 + 19*b - 36. What is p(6)?
6
Let h(i) = 6*i + 16. What is h(2)?
28
Let s(p) = -p**3 - p**2 - 34*p + 63. What is s(2)?
-17
Let k(b) = 2*b**3 - 5*b**2 - 38*b - 405. Determine k(8).
-5
Let b(g) = -g**3 + 22*g**2 + 213*g - 69. Calculate b(29).
221
Let r(f) = -2*f**3 + 19*f**2 + 129*f - 42. Determine r(14).
0
Let n(a) = 882*a + 337807. Calculate n(-383).
1
Let u(v) = 174*v + 861. What is u(-5)?
-9
Let h(y) = -y**3 + 5*y**2 - 263*y + 16. What is h(0)?
16
Let u(m) = -7*m**2 - 77*m + 137. Determine u(-12).
53
Let u(l) = 16*l**2 + 137*l + 12. Give u(-9).
75
Let i(o) = -34*o + 42. Give i(2).
-26
Let v(g) = -11*g**3 - 90*g**2 - 16*g - 17. Determine v(-8).
-17
Let f(y) = 2*y**2 - 752*y - 10073. What is f(-13)?
41
Let w(v) = 2*v**2 - 64*v - 54. Calculate w(0).
-54
Let s(n) = -24*n + 253. Calculate s(6).
109
Let i(n) = n**2 - 124*n + 3335. Determine i(85).
20
Let a(x) = -69*x + 350. Determine a(5).
5
Let m(v) = 27*v - 587. Determine m(22).
7
Let w(k) = -k**2 + 69*k - 514. What is w(57)?
170
Let q(b) = b**3 + 15*b**2 - 69*b - 444. What is q(-19)?
-577
Let s(w) = -2*w**3 + 19*w**2 - 35*w + 163. Give s(7).
163
Let r(b) = -2*b**2 - 10*b. Determine r(-5).
0
Let k(h) = h**3 + 74*h**2 + 152*h + 574. Give k(-72).
-2
Let w(p) = p**2 - 10*p + 23. Give w(21).
254
Let h(m) = 2*m**2 + 25*m + 40. Give h(-8).
-32
Let l(p) = 16*p + 32. Determine l(0).
32
Let i(u) = 493*u - 12807. Calculate i(26).
11
Let d(p) = -p**3 + 3*p**2 + 240*p - 35. Give d(17).
-1
Let m(h) = -424*h + 7541. What is m(18)?
-91
Let q(c) = c**3 - 172*c**2 - 699*c - 880. What is q(176)?
0
Let h(l) = -26*l - 132. Determine h(-8).
76
Let j(c) = -6*c**2 + 251*c + 1008. Determine j(-4).
-92
Let j(r) = -r**3 + 4*r**2 + 393*r - 2278. Calculate j(6).
8
Let m(u) = u**3 + 28*u**2 + 65*u + 24. Give m(-26).
-314
Let g(w) = -w**3 + 163*w**2 + 6*w - 3. Give g(0).
-3
Let j(r) = -37*r - 115. What is j(-3)?
-4
Let m(t) = 14*t**2 + 1130*t + 4009. Determine m(-77).
5
Let y(h) = -2*h**2 + 22*h - 34. Determine y(8).
14
Let v(h) = -2*h**2 + 227*h - 1709. Determine v(8).
-21
Let n(p) = 3*p**2 - 23*p - 56. What is n(-3)?
40
Let s(z) = -2*z**3 - 4*z**2 - z + 17. Give s(-5).
172
Let k(y) = 2*y**3 + 41*y**2 + 70*y - 9. What is k(-2)?
-1
Let z(c) = -6419*c - 57782. Calculate z(-9).
-11
Let r(h) = 21*h - 260. Give r(7).
-113
Let r(n) = 19*n + 11. Determine r(-16).
-293
Let s(z) = z**3 - 15*z**2 + 37*z + 144. What is s(10)?
14
Let x(m) = m**3 + 98*m**2 + 3*m + 286. What is x(-98)?
-8
Let s(w) = 5*w**3 + 78*w**2 + 45*w - 4. Give s(-15).
-4
Let m(h) = -2*h**2 - 70*h + 127. Give m(-37).
-21
Let d(q) = 3*q - 23. Determine d(-17).
-74
Let b(g) = -g**2 - 131*g - 3893. What is b(-86)?
-23
Let n(a) = -a**2 - 1280*a + 22042. Give n(17).
-7
Let s(p) = 28*p**3 - 9*p + 9. Give s(2).
215
Let m(k) = 2*k**2 + 63*k - 1509. What is m(-48)?
75
Let k(h) = h**2 + 19*h - 404. Calculate k(12).
-32
Let v(x) = -5*x - 191. What is v(-15)?
-116
Let c(n) = n**3 + 3*n**2 - 73*n - 29. What is c(7)?
-50
Let k(h) = 20*h - 830. Give k(45).
70
Let v(y) = -y**3 + 71*y**2 - 558*y. Determine v(9).
0
Let f(g) = -g**3 - 4*g**2 - 9. What is f(-6)?
63
Let z(q) = 38*q + 69. Calculate z(-8).
-235
Let l(w) = w**2 - 48*w - 579. Determine l(-10).
1
Let x(d) = -d**3 + 60*d**2 + 262*d - 388. Calculate x(64).
-4
Let j(s) = -s + 33. Determine j(-27).
60
Let p(n) = -n**2 + 287*n - 9. Calculate p(0).
-9
Let t(a) = -a**3 - 6*a**2 + 278*a + 1897. What is t(-7)?
0
Let j(m) = 311*m - 600. What is j(2)?
22
Let c(s) = 23*s + 252. Determine c(-12).
-24
Let o(q) = -432*q**3 - 13*q**2 - 12*q. Calculate o(-1).
431
Let i(o) = -168*o + 7719. Give i(46).
-9
Let c(y) = 641*y + 6437. Determine c(-10).
27
Let l(i) = -3*i**2 + 20*i - 3. What is l(1)?
14
Let c(u) = -u**2 - 96*u + 1625. Determine c(15).
-40
Let u(s) = s**2 - 14*s - 821. Give u(33).
-194
Let x(s) = -4612*s - 50728. What is x(-11)?
4
Let w(s) = 921*s + 2770. Determine w(-3).
7
Let d(c) = c**3 - 9*c**2 - 101*c + 447. Calculate d(14).
13
Let f(j) = -j**2 - 3983*j - 7961. What is f(-2)?
1
Let m(w) = 4181*w - 29256. Give m(7).
11
Let l(d) = -d**2 - 13*d + 5. Calculate l(0).
5
Let q(z) = -28